{"id":5799,"date":"2023-11-08T15:01:54","date_gmt":"2023-11-08T20:01:54","guid":{"rendered":"https:\/\/prbany.wpenginepowered.com\/?post_type=announcement&#038;p=5799"},"modified":"2023-11-10T16:33:05","modified_gmt":"2023-11-10T21:33:05","slug":"save-the-date-prba-featured-cle-event-w-innovative-driven-february-28-2024","status":"publish","type":"announcement","link":"https:\/\/prbany.com\/es\/announcement\/save-the-date-prba-featured-cle-event-w-innovative-driven-february-28-2024\/","title":{"rendered":"Evento CLE de la PRBA con Innovative Driven"},"content":{"rendered":"<p>La PRBA se complace en organizar junto con nuestro socio comercial, Innovative Driven, por PRIMERA VEZ un CLE en espa\u00f1ol a trav\u00e9s de Zoom sobre \"eDiscovery bajo las Reglas Federales\". Este CLE ser\u00e1 posteriormente alojado en la plataforma On Demand CLE de American Law Media a trav\u00e9s de nuestra asociaci\u00f3n de financiaci\u00f3n con ALM.<\/p>\n\n\n\n<p>El CLE est\u00e1 programado para el 28 de febrero de 2024, as\u00ed que por favor \"guarde la fecha\" hasta que se env\u00ede un enlace a los miembros de la PRBA.<\/p>\n\n\n\n<p><strong>NOTA: ESTA CLE TIENE DESCUENTO S\u00d3LO PARA MIEMBROS ACTIVOS DE LA PRBA.<\/strong><\/p>\n\n\n\n<p><a href=\"https:\/\/www.innovativedriven.com\/puerto-rican-bar-association-new-new\/\" target=\"_blank\" rel=\"noreferrer noopener\">M\u00e1s informaci\u00f3n sobre la asociaci\u00f3n de Innovative Driven con la PRBA<\/a><\/p>","protected":false},"featured_media":0,"template":"","class_list":["post-5799","announcement","type-announcement","status-publish","hentry"],"yoast_head":"<!-- This site is optimized with the Yoast SEO plugin v27.4 - https:\/\/yoast.com\/product\/yoast-seo-wordpress\/ -->\n<title>PRBA Featured CLE Event w\/Innovative Driven - Puerto Rican Bar Association of New York<\/title>\n<meta name=\"robots\" content=\"index, follow, max-snippet:-1, max-image-preview:large, max-video-preview:-1\" \/>\n<link rel=\"canonical\" href=\"https:\/\/prbany.com\/es\/announcement\/save-the-date-prba-featured-cle-event-w-innovative-driven-february-28-2024\/\" \/>\n<meta property=\"og:locale\" content=\"es_ES\" \/>\n<meta property=\"og:type\" content=\"article\" \/>\n<meta property=\"og:title\" content=\"PRBA Featured CLE Event w\/Innovative Driven - Puerto Rican Bar Association of New York\" \/>\n<meta property=\"og:description\" content=\"The PRBA is excited to host along with our business partner, Innovative Driven, a FIRST TIME Spanish language only CLE via Zoom on &#8220;eDiscovery under the Federal Rules.&#8221; This CLE will the later be hosted on American Law Media&#8217;s On Demand CLE platform through our funding partnership with ALM. The CLE is scheduled for February [&hellip;]\" \/>\n<meta property=\"og:url\" content=\"https:\/\/prbany.com\/es\/announcement\/save-the-date-prba-featured-cle-event-w-innovative-driven-february-28-2024\/\" \/>\n<meta property=\"og:site_name\" content=\"Puerto Rican Bar Association of New York\" \/>\n<meta property=\"article:publisher\" content=\"https:\/\/www.facebook.com\/puertoricanbarassoicationny\/\" \/>\n<meta property=\"article:modified_time\" content=\"2023-11-10T21:33:05+00:00\" \/>\n<meta name=\"twitter:card\" content=\"summary_large_image\" \/>\n<meta name=\"twitter:site\" content=\"@prbany\" \/>\n<meta name=\"twitter:label1\" content=\"Est. reading time\" \/>\n\t<meta name=\"twitter:data1\" content=\"1 minuto\" \/>\n<script type=\"application\/ld+json\" class=\"yoast-schema-graph\">{\"@context\":\"https:\\\/\\\/schema.org\",\"@graph\":[{\"@type\":\"WebPage\",\"@id\":\"https:\\\/\\\/prbany.com\\\/announcement\\\/save-the-date-prba-featured-cle-event-w-innovative-driven-february-28-2024\\\/\",\"url\":\"https:\\\/\\\/prbany.com\\\/announcement\\\/save-the-date-prba-featured-cle-event-w-innovative-driven-february-28-2024\\\/\",\"name\":\"PRBA Featured CLE Event w\\\/Innovative Driven - Puerto Rican Bar Association of New York\",\"isPartOf\":{\"@id\":\"https:\\\/\\\/prbany.com\\\/#website\"},\"datePublished\":\"2023-11-08T20:01:54+00:00\",\"dateModified\":\"2023-11-10T21:33:05+00:00\",\"breadcrumb\":{\"@id\":\"https:\\\/\\\/prbany.com\\\/announcement\\\/save-the-date-prba-featured-cle-event-w-innovative-driven-february-28-2024\\\/#breadcrumb\"},\"inLanguage\":\"es\",\"potentialAction\":[{\"@type\":\"ReadAction\",\"target\":[\"https:\\\/\\\/prbany.com\\\/announcement\\\/save-the-date-prba-featured-cle-event-w-innovative-driven-february-28-2024\\\/\"]}]},{\"@type\":\"BreadcrumbList\",\"@id\":\"https:\\\/\\\/prbany.com\\\/announcement\\\/save-the-date-prba-featured-cle-event-w-innovative-driven-february-28-2024\\\/#breadcrumb\",\"itemListElement\":[{\"@type\":\"ListItem\",\"position\":1,\"name\":\"Home\",\"item\":\"https:\\\/\\\/prbany.com\\\/\"},{\"@type\":\"ListItem\",\"position\":2,\"name\":\"PRBA Featured CLE Event w\\\/Innovative Driven\"}]},{\"@type\":\"WebSite\",\"@id\":\"https:\\\/\\\/prbany.com\\\/#website\",\"url\":\"https:\\\/\\\/prbany.com\\\/\",\"name\":\"Puerto Rican Bar Association of New York\",\"description\":\"\",\"publisher\":{\"@id\":\"https:\\\/\\\/prbany.com\\\/#organization\"},\"potentialAction\":[{\"@type\":\"SearchAction\",\"target\":{\"@type\":\"EntryPoint\",\"urlTemplate\":\"https:\\\/\\\/prbany.com\\\/?s={search_term_string}\"},\"query-input\":{\"@type\":\"PropertyValueSpecification\",\"valueRequired\":true,\"valueName\":\"search_term_string\"}}],\"inLanguage\":\"es\"},{\"@type\":\"Organization\",\"@id\":\"https:\\\/\\\/prbany.com\\\/#organization\",\"name\":\"Puerto Rican Bar Association of New York\",\"url\":\"https:\\\/\\\/prbany.com\\\/\",\"logo\":{\"@type\":\"ImageObject\",\"inLanguage\":\"es\",\"@id\":\"https:\\\/\\\/prbany.com\\\/#\\\/schema\\\/logo\\\/image\\\/\",\"url\":\"https:\\\/\\\/prbany.wpenginepowered.com\\\/wp-content\\\/uploads\\\/2023\\\/09\\\/PRBA-Logo1.png\",\"contentUrl\":\"https:\\\/\\\/prbany.wpenginepowered.com\\\/wp-content\\\/uploads\\\/2023\\\/09\\\/PRBA-Logo1.png\",\"width\":563,\"height\":123,\"caption\":\"Puerto Rican Bar Association of New York\"},\"image\":{\"@id\":\"https:\\\/\\\/prbany.com\\\/#\\\/schema\\\/logo\\\/image\\\/\"},\"sameAs\":[\"https:\\\/\\\/www.facebook.com\\\/puertoricanbarassoicationny\\\/\",\"https:\\\/\\\/x.com\\\/prbany\",\"https:\\\/\\\/www.instagram.com\\\/prbany\\\/\"]}]}<\/script>\n<!-- \/ Yoast SEO plugin. -->","yoast_head_json":{"title":"PRBA Featured CLE Event w\/Innovative Driven - Colegio de Abogados de Puerto Rico de Nueva York","robots":{"index":"index","follow":"follow","max-snippet":"max-snippet:-1","max-image-preview":"max-image-preview:large","max-video-preview":"max-video-preview:-1"},"canonical":"https:\/\/prbany.com\/es\/announcement\/save-the-date-prba-featured-cle-event-w-innovative-driven-february-28-2024\/","og_locale":"es_ES","og_type":"article","og_title":"PRBA Featured CLE Event w\/Innovative Driven - Puerto Rican Bar Association of New York","og_description":"The PRBA is excited to host along with our business partner, Innovative Driven, a FIRST TIME Spanish language only CLE via Zoom on &#8220;eDiscovery under the Federal Rules.&#8221; This CLE will the later be hosted on American Law Media&#8217;s On Demand CLE platform through our funding partnership with ALM. The CLE is scheduled for February [&hellip;]","og_url":"https:\/\/prbany.com\/es\/announcement\/save-the-date-prba-featured-cle-event-w-innovative-driven-february-28-2024\/","og_site_name":"Puerto Rican Bar Association of New York","article_publisher":"https:\/\/www.facebook.com\/puertoricanbarassoicationny\/","article_modified_time":"2023-11-10T21:33:05+00:00","twitter_card":"summary_large_image","twitter_site":"@prbany","twitter_misc":{"Est. reading time":"1 minuto"},"schema":{"@context":"https:\/\/schema.org","@graph":[{"@type":"WebPage","@id":"https:\/\/prbany.com\/announcement\/save-the-date-prba-featured-cle-event-w-innovative-driven-february-28-2024\/","url":"https:\/\/prbany.com\/announcement\/save-the-date-prba-featured-cle-event-w-innovative-driven-february-28-2024\/","name":"PRBA Featured CLE Event w\/Innovative Driven - Colegio de Abogados de Puerto Rico de Nueva York","isPartOf":{"@id":"https:\/\/prbany.com\/#website"},"datePublished":"2023-11-08T20:01:54+00:00","dateModified":"2023-11-10T21:33:05+00:00","breadcrumb":{"@id":"https:\/\/prbany.com\/announcement\/save-the-date-prba-featured-cle-event-w-innovative-driven-february-28-2024\/#breadcrumb"},"inLanguage":"es","potentialAction":[{"@type":"ReadAction","target":["https:\/\/prbany.com\/announcement\/save-the-date-prba-featured-cle-event-w-innovative-driven-february-28-2024\/"]}]},{"@type":"BreadcrumbList","@id":"https:\/\/prbany.com\/announcement\/save-the-date-prba-featured-cle-event-w-innovative-driven-february-28-2024\/#breadcrumb","itemListElement":[{"@type":"ListItem","position":1,"name":"Home","item":"https:\/\/prbany.com\/"},{"@type":"ListItem","position":2,"name":"PRBA Featured CLE Event w\/Innovative Driven"}]},{"@type":"WebSite","@id":"https:\/\/prbany.com\/#website","url":"https:\/\/prbany.com\/","name":"Colegio de Abogados Puertorrique\u00f1os de Nueva York","description":"","publisher":{"@id":"https:\/\/prbany.com\/#organization"},"potentialAction":[{"@type":"SearchAction","target":{"@type":"EntryPoint","urlTemplate":"https:\/\/prbany.com\/?s={search_term_string}"},"query-input":{"@type":"PropertyValueSpecification","valueRequired":true,"valueName":"search_term_string"}}],"inLanguage":"es"},{"@type":"Organization","@id":"https:\/\/prbany.com\/#organization","name":"Colegio de Abogados Puertorrique\u00f1os de Nueva York","url":"https:\/\/prbany.com\/","logo":{"@type":"ImageObject","inLanguage":"es","@id":"https:\/\/prbany.com\/#\/schema\/logo\/image\/","url":"https:\/\/prbany.wpenginepowered.com\/wp-content\/uploads\/2023\/09\/PRBA-Logo1.png","contentUrl":"https:\/\/prbany.wpenginepowered.com\/wp-content\/uploads\/2023\/09\/PRBA-Logo1.png","width":563,"height":123,"caption":"Puerto Rican Bar Association of New York"},"image":{"@id":"https:\/\/prbany.com\/#\/schema\/logo\/image\/"},"sameAs":["https:\/\/www.facebook.com\/puertoricanbarassoicationny\/","https:\/\/x.com\/prbany","https:\/\/www.instagram.com\/prbany\/"]}]}},"_links":{"self":[{"href":"https:\/\/prbany.com\/es\/wp-json\/wp\/v2\/announcement\/5799","targetHints":{"allow":["GET"]}}],"collection":[{"href":"https:\/\/prbany.com\/es\/wp-json\/wp\/v2\/announcement"}],"about":[{"href":"https:\/\/prbany.com\/es\/wp-json\/wp\/v2\/types\/announcement"}],"wp:attachment":[{"href":"https:\/\/prbany.com\/es\/wp-json\/wp\/v2\/media?parent=5799"}],"curies":[{"name":"wp","href":"https:\/\/api.w.org\/{rel}","templated":true}]}}

<p>La PRBA se complace en organizar junto con nuestro socio comercial, Innovative Driven, por PRIMERA VEZ un CLE en español a través de Zoom sobre "eDiscovery bajo las Reglas Federales". Este CLE será posteriormente alojado en la plataforma On Demand CLE de American Law Media a través de nuestra asociación de financiación con ALM.</p>



<p>El CLE está programado para el 28 de febrero de 2024, así que por favor "guarde la fecha" hasta que se envíe un enlace a los miembros de la PRBA.</p>



<p><strong>NOTA: ESTA CLE TIENE DESCUENTO SÓLO PARA MIEMBROS ACTIVOS DE LA PRBA.</strong></p>



<p><a href="https://www.innovativedriven.com/puerto-rican-bar-association-new-new/" target="_blank" rel="noreferrer noopener">Más información sobre la asociación de Innovative Driven con la PRBA</a></p>

Colegio de Abogados Puertorriqueños de Nueva York
