{"id":5993,"date":"2024-01-16T12:17:04","date_gmt":"2024-01-16T17:17:04","guid":{"rendered":"https:\/\/prbany.com\/?post_type=announcement&#038;p=5993"},"modified":"2024-01-26T10:06:43","modified_gmt":"2024-01-26T15:06:43","slug":"prba-co-sponsoring-cle-with-the-latino-judges-association","status":"publish","type":"announcement","link":"https:\/\/prbany.com\/es\/announcement\/prba-co-sponsoring-cle-with-the-latino-judges-association\/","title":{"rendered":"PRBA Copatrocina CLE con la Asociaci\u00f3n de Jueces Latinos - AVISO: El evento ser\u00e1 reprogramado."},"content":{"rendered":"<p><\/p>\n\n\n\n<p>La PRBA se enorgullece de copatrocinar \"Un debate sobre la decisi\u00f3n del Tribunal Supremo de EE.UU. en el caso <em>Estudiantes por unas Admisiones Justas contra el Harvard College<\/em>\".  Marquen sus calendarios.<\/p>\n\n\n\n<figure class=\"wp-block-image size-large\"><img loading=\"lazy\" decoding=\"async\" width=\"746\" height=\"1024\" src=\"https:\/\/prbany.com\/wp-content\/uploads\/2024\/01\/LATJudgeCLE-Flyer-Updated-746x1024.jpeg\" alt=\"\" class=\"wp-image-5994\"\/><\/figure>\n\n\n\n<p><\/p>\n\n\n\n<p><\/p>\n\n\n\n<p><\/p>","protected":false},"featured_media":0,"template":"","class_list":["post-5993","announcement","type-announcement","status-publish","hentry"],"yoast_head":"<!-- This site is optimized with the Yoast SEO plugin v27.4 - https:\/\/yoast.com\/product\/yoast-seo-wordpress\/ -->\n<title>PRBA Co-Sponsoring CLE with the Latino Judges Association - NOTICE: Event will be rescheduled. - Puerto Rican Bar Association of New York<\/title>\n<meta name=\"robots\" content=\"index, follow, max-snippet:-1, max-image-preview:large, max-video-preview:-1\" \/>\n<link rel=\"canonical\" href=\"https:\/\/prbany.com\/es\/announcement\/prba-co-sponsoring-cle-with-the-latino-judges-association\/\" \/>\n<meta property=\"og:locale\" content=\"es_ES\" \/>\n<meta property=\"og:type\" content=\"article\" \/>\n<meta property=\"og:title\" content=\"PRBA Co-Sponsoring CLE with the Latino Judges Association - NOTICE: Event will be rescheduled. - Puerto Rican Bar Association of New York\" \/>\n<meta property=\"og:description\" content=\"The PRBA is proud to Co-Sponsor &#8220;A Discussion on the U.S. Supreme Court Decision in Students for Fair Admissions v. Harvard College&#8220;. Please mark your calendars.\" \/>\n<meta property=\"og:url\" content=\"https:\/\/prbany.com\/es\/announcement\/prba-co-sponsoring-cle-with-the-latino-judges-association\/\" \/>\n<meta property=\"og:site_name\" content=\"Puerto Rican Bar Association of New York\" \/>\n<meta property=\"article:publisher\" content=\"https:\/\/www.facebook.com\/puertoricanbarassoicationny\/\" \/>\n<meta property=\"article:modified_time\" content=\"2024-01-26T15:06:43+00:00\" \/>\n<meta property=\"og:image\" content=\"https:\/\/prbany.com\/wp-content\/uploads\/2024\/01\/LATJudgeCLE-Flyer-Updated-746x1024.jpeg\" \/>\n<meta name=\"twitter:card\" content=\"summary_large_image\" \/>\n<meta name=\"twitter:site\" content=\"@prbany\" \/>\n<meta name=\"twitter:label1\" content=\"Est. reading time\" \/>\n\t<meta name=\"twitter:data1\" content=\"1 minuto\" \/>\n<script type=\"application\/ld+json\" class=\"yoast-schema-graph\">{\"@context\":\"https:\\\/\\\/schema.org\",\"@graph\":[{\"@type\":\"WebPage\",\"@id\":\"https:\\\/\\\/prbany.com\\\/announcement\\\/prba-co-sponsoring-cle-with-the-latino-judges-association\\\/\",\"url\":\"https:\\\/\\\/prbany.com\\\/announcement\\\/prba-co-sponsoring-cle-with-the-latino-judges-association\\\/\",\"name\":\"PRBA Co-Sponsoring CLE with the Latino Judges Association - NOTICE: Event will be rescheduled. - Puerto Rican Bar Association of New York\",\"isPartOf\":{\"@id\":\"https:\\\/\\\/prbany.com\\\/#website\"},\"primaryImageOfPage\":{\"@id\":\"https:\\\/\\\/prbany.com\\\/announcement\\\/prba-co-sponsoring-cle-with-the-latino-judges-association\\\/#primaryimage\"},\"image\":{\"@id\":\"https:\\\/\\\/prbany.com\\\/announcement\\\/prba-co-sponsoring-cle-with-the-latino-judges-association\\\/#primaryimage\"},\"thumbnailUrl\":\"https:\\\/\\\/prbany.com\\\/wp-content\\\/uploads\\\/2024\\\/01\\\/LATJudgeCLE-Flyer-Updated-746x1024.jpeg\",\"datePublished\":\"2024-01-16T17:17:04+00:00\",\"dateModified\":\"2024-01-26T15:06:43+00:00\",\"breadcrumb\":{\"@id\":\"https:\\\/\\\/prbany.com\\\/announcement\\\/prba-co-sponsoring-cle-with-the-latino-judges-association\\\/#breadcrumb\"},\"inLanguage\":\"es\",\"potentialAction\":[{\"@type\":\"ReadAction\",\"target\":[\"https:\\\/\\\/prbany.com\\\/announcement\\\/prba-co-sponsoring-cle-with-the-latino-judges-association\\\/\"]}]},{\"@type\":\"ImageObject\",\"inLanguage\":\"es\",\"@id\":\"https:\\\/\\\/prbany.com\\\/announcement\\\/prba-co-sponsoring-cle-with-the-latino-judges-association\\\/#primaryimage\",\"url\":\"https:\\\/\\\/prbany.com\\\/wp-content\\\/uploads\\\/2024\\\/01\\\/LATJudgeCLE-Flyer-Updated-746x1024.jpeg\",\"contentUrl\":\"https:\\\/\\\/prbany.com\\\/wp-content\\\/uploads\\\/2024\\\/01\\\/LATJudgeCLE-Flyer-Updated-746x1024.jpeg\"},{\"@type\":\"BreadcrumbList\",\"@id\":\"https:\\\/\\\/prbany.com\\\/announcement\\\/prba-co-sponsoring-cle-with-the-latino-judges-association\\\/#breadcrumb\",\"itemListElement\":[{\"@type\":\"ListItem\",\"position\":1,\"name\":\"Home\",\"item\":\"https:\\\/\\\/prbany.com\\\/\"},{\"@type\":\"ListItem\",\"position\":2,\"name\":\"PRBA Co-Sponsoring CLE with the Latino Judges Association &#8211; NOTICE: Event will be rescheduled.\"}]},{\"@type\":\"WebSite\",\"@id\":\"https:\\\/\\\/prbany.com\\\/#website\",\"url\":\"https:\\\/\\\/prbany.com\\\/\",\"name\":\"Puerto Rican Bar Association of New York\",\"description\":\"\",\"publisher\":{\"@id\":\"https:\\\/\\\/prbany.com\\\/#organization\"},\"potentialAction\":[{\"@type\":\"SearchAction\",\"target\":{\"@type\":\"EntryPoint\",\"urlTemplate\":\"https:\\\/\\\/prbany.com\\\/?s={search_term_string}\"},\"query-input\":{\"@type\":\"PropertyValueSpecification\",\"valueRequired\":true,\"valueName\":\"search_term_string\"}}],\"inLanguage\":\"es\"},{\"@type\":\"Organization\",\"@id\":\"https:\\\/\\\/prbany.com\\\/#organization\",\"name\":\"Puerto Rican Bar Association of New York\",\"url\":\"https:\\\/\\\/prbany.com\\\/\",\"logo\":{\"@type\":\"ImageObject\",\"inLanguage\":\"es\",\"@id\":\"https:\\\/\\\/prbany.com\\\/#\\\/schema\\\/logo\\\/image\\\/\",\"url\":\"https:\\\/\\\/prbany.wpenginepowered.com\\\/wp-content\\\/uploads\\\/2023\\\/09\\\/PRBA-Logo1.png\",\"contentUrl\":\"https:\\\/\\\/prbany.wpenginepowered.com\\\/wp-content\\\/uploads\\\/2023\\\/09\\\/PRBA-Logo1.png\",\"width\":563,\"height\":123,\"caption\":\"Puerto Rican Bar Association of New York\"},\"image\":{\"@id\":\"https:\\\/\\\/prbany.com\\\/#\\\/schema\\\/logo\\\/image\\\/\"},\"sameAs\":[\"https:\\\/\\\/www.facebook.com\\\/puertoricanbarassoicationny\\\/\",\"https:\\\/\\\/x.com\\\/prbany\",\"https:\\\/\\\/www.instagram.com\\\/prbany\\\/\"]}]}<\/script>\n<!-- \/ Yoast SEO plugin. -->","yoast_head_json":{"title":"PRBA Copatrocina CLE con la Asociaci\u00f3n de Jueces Latinos - AVISO: El evento ser\u00e1 reprogramado. - Asociaci\u00f3n de Abogados Puertorrique\u00f1os de Nueva York","robots":{"index":"index","follow":"follow","max-snippet":"max-snippet:-1","max-image-preview":"max-image-preview:large","max-video-preview":"max-video-preview:-1"},"canonical":"https:\/\/prbany.com\/es\/announcement\/prba-co-sponsoring-cle-with-the-latino-judges-association\/","og_locale":"es_ES","og_type":"article","og_title":"PRBA Co-Sponsoring CLE with the Latino Judges Association - NOTICE: Event will be rescheduled. - Puerto Rican Bar Association of New York","og_description":"The PRBA is proud to Co-Sponsor &#8220;A Discussion on the U.S. Supreme Court Decision in Students for Fair Admissions v. Harvard College&#8220;. Please mark your calendars.","og_url":"https:\/\/prbany.com\/es\/announcement\/prba-co-sponsoring-cle-with-the-latino-judges-association\/","og_site_name":"Puerto Rican Bar Association of New York","article_publisher":"https:\/\/www.facebook.com\/puertoricanbarassoicationny\/","article_modified_time":"2024-01-26T15:06:43+00:00","og_image":[{"url":"https:\/\/prbany.com\/wp-content\/uploads\/2024\/01\/LATJudgeCLE-Flyer-Updated-746x1024.jpeg","type":"","width":"","height":""}],"twitter_card":"summary_large_image","twitter_site":"@prbany","twitter_misc":{"Est. reading time":"1 minuto"},"schema":{"@context":"https:\/\/schema.org","@graph":[{"@type":"WebPage","@id":"https:\/\/prbany.com\/announcement\/prba-co-sponsoring-cle-with-the-latino-judges-association\/","url":"https:\/\/prbany.com\/announcement\/prba-co-sponsoring-cle-with-the-latino-judges-association\/","name":"PRBA Copatrocina CLE con la Asociaci\u00f3n de Jueces Latinos - AVISO: El evento ser\u00e1 reprogramado. - Asociaci\u00f3n de Abogados Puertorrique\u00f1os de Nueva York","isPartOf":{"@id":"https:\/\/prbany.com\/#website"},"primaryImageOfPage":{"@id":"https:\/\/prbany.com\/announcement\/prba-co-sponsoring-cle-with-the-latino-judges-association\/#primaryimage"},"image":{"@id":"https:\/\/prbany.com\/announcement\/prba-co-sponsoring-cle-with-the-latino-judges-association\/#primaryimage"},"thumbnailUrl":"https:\/\/prbany.com\/wp-content\/uploads\/2024\/01\/LATJudgeCLE-Flyer-Updated-746x1024.jpeg","datePublished":"2024-01-16T17:17:04+00:00","dateModified":"2024-01-26T15:06:43+00:00","breadcrumb":{"@id":"https:\/\/prbany.com\/announcement\/prba-co-sponsoring-cle-with-the-latino-judges-association\/#breadcrumb"},"inLanguage":"es","potentialAction":[{"@type":"ReadAction","target":["https:\/\/prbany.com\/announcement\/prba-co-sponsoring-cle-with-the-latino-judges-association\/"]}]},{"@type":"ImageObject","inLanguage":"es","@id":"https:\/\/prbany.com\/announcement\/prba-co-sponsoring-cle-with-the-latino-judges-association\/#primaryimage","url":"https:\/\/prbany.com\/wp-content\/uploads\/2024\/01\/LATJudgeCLE-Flyer-Updated-746x1024.jpeg","contentUrl":"https:\/\/prbany.com\/wp-content\/uploads\/2024\/01\/LATJudgeCLE-Flyer-Updated-746x1024.jpeg"},{"@type":"BreadcrumbList","@id":"https:\/\/prbany.com\/announcement\/prba-co-sponsoring-cle-with-the-latino-judges-association\/#breadcrumb","itemListElement":[{"@type":"ListItem","position":1,"name":"Home","item":"https:\/\/prbany.com\/"},{"@type":"ListItem","position":2,"name":"PRBA Co-Sponsoring CLE with the Latino Judges Association &#8211; NOTICE: Event will be rescheduled."}]},{"@type":"WebSite","@id":"https:\/\/prbany.com\/#website","url":"https:\/\/prbany.com\/","name":"Colegio de Abogados Puertorrique\u00f1os de Nueva York","description":"","publisher":{"@id":"https:\/\/prbany.com\/#organization"},"potentialAction":[{"@type":"SearchAction","target":{"@type":"EntryPoint","urlTemplate":"https:\/\/prbany.com\/?s={search_term_string}"},"query-input":{"@type":"PropertyValueSpecification","valueRequired":true,"valueName":"search_term_string"}}],"inLanguage":"es"},{"@type":"Organization","@id":"https:\/\/prbany.com\/#organization","name":"Colegio de Abogados Puertorrique\u00f1os de Nueva York","url":"https:\/\/prbany.com\/","logo":{"@type":"ImageObject","inLanguage":"es","@id":"https:\/\/prbany.com\/#\/schema\/logo\/image\/","url":"https:\/\/prbany.wpenginepowered.com\/wp-content\/uploads\/2023\/09\/PRBA-Logo1.png","contentUrl":"https:\/\/prbany.wpenginepowered.com\/wp-content\/uploads\/2023\/09\/PRBA-Logo1.png","width":563,"height":123,"caption":"Puerto Rican Bar Association of New York"},"image":{"@id":"https:\/\/prbany.com\/#\/schema\/logo\/image\/"},"sameAs":["https:\/\/www.facebook.com\/puertoricanbarassoicationny\/","https:\/\/x.com\/prbany","https:\/\/www.instagram.com\/prbany\/"]}]}},"_links":{"self":[{"href":"https:\/\/prbany.com\/es\/wp-json\/wp\/v2\/announcement\/5993","targetHints":{"allow":["GET"]}}],"collection":[{"href":"https:\/\/prbany.com\/es\/wp-json\/wp\/v2\/announcement"}],"about":[{"href":"https:\/\/prbany.com\/es\/wp-json\/wp\/v2\/types\/announcement"}],"wp:attachment":[{"href":"https:\/\/prbany.com\/es\/wp-json\/wp\/v2\/media?parent=5993"}],"curies":[{"name":"wp","href":"https:\/\/api.w.org\/{rel}","templated":true}]}}

PRBA Copatrocina CLE con la Asociación de Jueces Latinos - AVISO: El evento será reprogramado.

<p></p>



<p>La PRBA se enorgullece de copatrocinar "Un debate sobre la decisión del Tribunal Supremo de EE.UU. en el caso <em>Estudiantes por unas Admisiones Justas contra el Harvard College</em>".  Marquen sus calendarios.</p>



<figure class="wp-block-image size-large"><img loading="lazy" decoding="async" width="746" height="1024" src="https://prbany.com/wp-content/uploads/2024/01/LATJudgeCLE-Flyer-Updated-746x1024.jpeg" alt="" class="wp-image-5994"/></figure>



<p></p>



<p></p>



<p></p>

PRBA Copatrocina CLE con la Asociación de Jueces Latinos - AVISO: El evento será reprogramado. - Asociación de Abogados Puertorriqueños de Nueva York

Colegio de Abogados Puertorriqueños de Nueva York
