{"id":7201,"date":"2024-10-23T10:15:02","date_gmt":"2024-10-23T14:15:02","guid":{"rendered":"https:\/\/prbany.com\/?post_type=announcement&#038;p=7201"},"modified":"2024-10-23T10:15:05","modified_gmt":"2024-10-23T14:15:05","slug":"expand-options-for-n-y-latino-judges-by-hon-hector-lasalle","status":"publish","type":"announcement","link":"https:\/\/prbany.com\/es\/announcement\/expand-options-for-n-y-latino-judges-by-hon-hector-lasalle\/","title":{"rendered":"Ampliar las opciones de los jueces latinos de Nueva York - Por Hector LaSalle"},"content":{"rendered":"<p>NY Daily News 19 de octubre de 2024<\/p>\n\n\n\n<p><br>La legitimidad de las instituciones gubernamentales depende de una confluencia de factores destinados a garantizar la confianza del p\u00fablico en que el gobierno representa a todos sus ciudadanos y trabaja para ellos.<br>Como el Mes de la Herencia Hispana lleg\u00f3 a su fin esta semana, este es un momento oportuno para destacar tanto el impacto que los latinos han tenido en la administraci\u00f3n de justicia como su continua subrepresentaci\u00f3n en la judicatura del Estado de Nueva York. En mi opini\u00f3n, es de singular importancia que la judicatura del estado no s\u00f3lo se esfuerce por ser \"inclusiva\" de toda su poblaci\u00f3n, sino que lidere esta important\u00edsima cuesti\u00f3n.<\/p>\n\n\n\n<p><br>Seg\u00fan el censo de Estados Unidos de 2020, el 19,5% de los neoyorquinos son de ascendencia latina. Entre 2010 y 2020, el 64,5% del aumento de la poblaci\u00f3n del estado se atribuy\u00f3 a personas identificadas como latinas. Sin embargo, la Asociaci\u00f3n de Jueces Latinos del Estado de Nueva York inform\u00f3 que en octubre de 2020 los latinos constitu\u00edan s\u00f3lo el 7,45% de los 1.275 miembros del poder judicial del estado. En la actualidad, la Oficina de Administraci\u00f3n de Tribunales informa de una ligera mejora en la representaci\u00f3n judicial latina, ya que los latinos comprenden el 8,7% de la judicatura, un modesto aumento. Esta mejora, aunque peque\u00f1a, es un recordatorio de que el uso fiel de los datos que identifican los problemas de inclusi\u00f3n es un componente crucial para examinar y curar la exclusi\u00f3n sist\u00e9mica de todas las instituciones, incluida la judicatura. En 2023, el presidente del Tribunal Supremo de Nueva York, Rowan Wilson, nombr\u00f3 al primer juez de ascendencia latina para dirigir los tribunales del estado como su juez administrativo jefe, Joseph Zayas. Este meditado nombramiento proporciona al sistema judicial un juez con amplia experiencia en los tribunales y ofrece a todos los neoyorquinos una prueba visible y tangible de que un juez de ascendencia latina puede dirigir con excelencia nuestros tribunales de primera instancia.<\/p>\n\n\n\n<p><br>Adem\u00e1s, la gobernadora Hochul ha demostrado su compromiso de proporcionar a los neoyorquinos un poder judicial excepcional e inclusivo. Desde 2022, la gobernadora ha nombrado a la primera latina para servir como juez en el Tribunal de Reclamaciones en el oeste de Nueva York, la primera jueza latina para servir en la Divisi\u00f3n de Apelaciones, Tercer Departamento, y las primeras juezas de herencia dominicana para servir en la Divisi\u00f3n de Apelaciones, tanto en el Primer como en el Segundo Departamento. Cada uno de estos juristas son profesionales ejemplares dignos de la fe y la confianza que el gobernador ha depositado en ellos.<\/p>\n\n\n\n<p><br>Si bien la proporci\u00f3n de juristas latinos ha mejorado gradualmente en los \u00faltimos cuatro a\u00f1os, hay \u00e1reas que requieren un enfoque y atenci\u00f3n adicionales. Por ejemplo, seg\u00fan la OCA, hay 105 puestos judiciales administrativos y de supervisi\u00f3n en todo el sistema judicial estatal. S\u00f3lo se ha nombrado a una jueza latina para ocupar cuatro de esos 105 puestos. En el oeste de Nueva York, nunca ha habido un juez de ascendencia latina elegido para el Tribunal Supremo del estado, que sirve como catalizador principal para las oportunidades de liderazgo en el sistema judicial de todo el estado. Esta desafortunada circunstancia se da a pesar de que las ciudades de Rochester y Buffalo cuentan con comunidades latinas robustas y maduras.<\/p>\n\n\n\n<p><br>La infrarrepresentaci\u00f3n de los latinos en la judicatura se hace m\u00e1s patente en Manhattan, donde s\u00f3lo un latino ha sido nominado y elegido para el Tribunal Supremo estatal en la \u00faltima d\u00e9cada. Se trata de una circunstancia especialmente curiosa si se tiene en cuenta que las comunidades latinas m\u00e1s arraigadas de Nueva York se encuentran en Manhattan.<br>No se puede argumentar seriamente que Manhattan carece de una gran reserva de abogados latinos con talento listos, dispuestos y capaces de servir. Hay claramente una desconexi\u00f3n y una aparente falta de voluntad por parte de los l\u00edderes locales para mover la aguja en Manhattan para identificar y apoyar a abogados bien calificados de ascendencia latina para cargos electivos en su Tribunal Supremo estatal, una plaga en la reputaci\u00f3n de larga data de Manhattan como un basti\u00f3n de la inclusividad y la apertura.<\/p>\n\n\n\n<p><br>A lo largo del Mes de la Herencia Hispana, los neoyorquinos han escuchado a innumerables l\u00edderes c\u00edvicos profesar su respeto y admiraci\u00f3n por la comunidad latina. Para algunos, las palabras de apoyo a la inclusi\u00f3n han ido seguidas de acciones consecuentes. Para otros, las palabras han sido poco m\u00e1s que ret\u00f3rica aspiracional pronunciada como una l\u00ednea de aplausos con poco inter\u00e9s en resultados sustantivos. Citando al Papa Francisco, \"No hay inclusi\u00f3n si se queda en un eslogan, en una f\u00f3rmula para utilizar en discursos pol\u00edticamente correctos, en una bandera.\"<\/p>\n\n\n\n<p><br>Aunque los latinos han ido abri\u00e9ndose camino en el sistema judicial estatal, la marcha hacia una representaci\u00f3n adecuada ha sido lenta, larga y dura. Este \u00faltimo mes, en el que se ha puesto de relieve la herencia hispana, nos ha recordado el camino que queda por recorrer y el poder de las personas de buena fe e intenci\u00f3n para hacer el trabajo. Los mejores d\u00edas para los neoyorquinos est\u00e1n ante nosotros. Esforc\u00e9monos todos juntos por conseguirlo.<\/p>\n\n\n\n<p><br>LaSalle preside la Divisi\u00f3n de Apelaciones del Estado, Segundo Departamento, con sede en Brooklyn.<br><\/p>\n\n\n\n<p>Publicado originalmente: 19 de octubre de 2024 a las 5:00 a.m.<\/p>","protected":false},"featured_media":0,"template":"","class_list":["post-7201","announcement","type-announcement","status-publish","hentry"],"yoast_head":"<!-- This site is optimized with the Yoast SEO plugin v27.5 - https:\/\/yoast.com\/product\/yoast-seo-wordpress\/ -->\n<title>Expand options for N.Y. Latino judges - By Hon. Hector LaSalle - Puerto Rican Bar Association of New York<\/title>\n<meta name=\"robots\" content=\"index, follow, max-snippet:-1, max-image-preview:large, max-video-preview:-1\" \/>\n<link rel=\"canonical\" href=\"https:\/\/prbany.com\/es\/announcement\/expand-options-for-n-y-latino-judges-by-hon-hector-lasalle\/\" \/>\n<meta property=\"og:locale\" content=\"es_ES\" \/>\n<meta property=\"og:type\" content=\"article\" \/>\n<meta property=\"og:title\" content=\"Expand options for N.Y. Latino judges - By Hon. Hector LaSalle - Puerto Rican Bar Association of New York\" \/>\n<meta property=\"og:description\" content=\"NY Daily News October 19, 2024 The legitimacy of government institutions is dependent upon a confluence of factors designed to assure the public\u2019s trust and confidence that government is representative of and working for all of its citizens.As Hispanic Heritage Month came to a close this week, this is an opportune moment to highlight both [&hellip;]\" \/>\n<meta property=\"og:url\" content=\"https:\/\/prbany.com\/es\/announcement\/expand-options-for-n-y-latino-judges-by-hon-hector-lasalle\/\" \/>\n<meta property=\"og:site_name\" content=\"Puerto Rican Bar Association of New York\" \/>\n<meta property=\"article:publisher\" content=\"https:\/\/www.facebook.com\/puertoricanbarassoicationny\/\" \/>\n<meta property=\"article:modified_time\" content=\"2024-10-23T14:15:05+00:00\" \/>\n<meta name=\"twitter:card\" content=\"summary_large_image\" \/>\n<meta name=\"twitter:site\" content=\"@prbany\" \/>\n<meta name=\"twitter:label1\" content=\"Est. reading time\" \/>\n\t<meta name=\"twitter:data1\" content=\"4 minutos\" \/>\n<script type=\"application\/ld+json\" class=\"yoast-schema-graph\">{\"@context\":\"https:\\\/\\\/schema.org\",\"@graph\":[{\"@type\":\"WebPage\",\"@id\":\"https:\\\/\\\/prbany.com\\\/announcement\\\/expand-options-for-n-y-latino-judges-by-hon-hector-lasalle\\\/\",\"url\":\"https:\\\/\\\/prbany.com\\\/announcement\\\/expand-options-for-n-y-latino-judges-by-hon-hector-lasalle\\\/\",\"name\":\"Expand options for N.Y. Latino judges - By Hon. Hector LaSalle - Puerto Rican Bar Association of New York\",\"isPartOf\":{\"@id\":\"https:\\\/\\\/prbany.com\\\/#website\"},\"datePublished\":\"2024-10-23T14:15:02+00:00\",\"dateModified\":\"2024-10-23T14:15:05+00:00\",\"breadcrumb\":{\"@id\":\"https:\\\/\\\/prbany.com\\\/announcement\\\/expand-options-for-n-y-latino-judges-by-hon-hector-lasalle\\\/#breadcrumb\"},\"inLanguage\":\"es\",\"potentialAction\":[{\"@type\":\"ReadAction\",\"target\":[\"https:\\\/\\\/prbany.com\\\/announcement\\\/expand-options-for-n-y-latino-judges-by-hon-hector-lasalle\\\/\"]}]},{\"@type\":\"BreadcrumbList\",\"@id\":\"https:\\\/\\\/prbany.com\\\/announcement\\\/expand-options-for-n-y-latino-judges-by-hon-hector-lasalle\\\/#breadcrumb\",\"itemListElement\":[{\"@type\":\"ListItem\",\"position\":1,\"name\":\"Home\",\"item\":\"https:\\\/\\\/prbany.com\\\/\"},{\"@type\":\"ListItem\",\"position\":2,\"name\":\"Expand options for N.Y. Latino judges &#8211; By Hon. Hector LaSalle\"}]},{\"@type\":\"WebSite\",\"@id\":\"https:\\\/\\\/prbany.com\\\/#website\",\"url\":\"https:\\\/\\\/prbany.com\\\/\",\"name\":\"Puerto Rican Bar Association of New York\",\"description\":\"\",\"publisher\":{\"@id\":\"https:\\\/\\\/prbany.com\\\/#organization\"},\"potentialAction\":[{\"@type\":\"SearchAction\",\"target\":{\"@type\":\"EntryPoint\",\"urlTemplate\":\"https:\\\/\\\/prbany.com\\\/?s={search_term_string}\"},\"query-input\":{\"@type\":\"PropertyValueSpecification\",\"valueRequired\":true,\"valueName\":\"search_term_string\"}}],\"inLanguage\":\"es\"},{\"@type\":\"Organization\",\"@id\":\"https:\\\/\\\/prbany.com\\\/#organization\",\"name\":\"Puerto Rican Bar Association of New York\",\"url\":\"https:\\\/\\\/prbany.com\\\/\",\"logo\":{\"@type\":\"ImageObject\",\"inLanguage\":\"es\",\"@id\":\"https:\\\/\\\/prbany.com\\\/#\\\/schema\\\/logo\\\/image\\\/\",\"url\":\"https:\\\/\\\/prbany.wpenginepowered.com\\\/wp-content\\\/uploads\\\/2023\\\/09\\\/PRBA-Logo1.png\",\"contentUrl\":\"https:\\\/\\\/prbany.wpenginepowered.com\\\/wp-content\\\/uploads\\\/2023\\\/09\\\/PRBA-Logo1.png\",\"width\":563,\"height\":123,\"caption\":\"Puerto Rican Bar Association of New York\"},\"image\":{\"@id\":\"https:\\\/\\\/prbany.com\\\/#\\\/schema\\\/logo\\\/image\\\/\"},\"sameAs\":[\"https:\\\/\\\/www.facebook.com\\\/puertoricanbarassoicationny\\\/\",\"https:\\\/\\\/x.com\\\/prbany\",\"https:\\\/\\\/www.instagram.com\\\/prbany\\\/\"]}]}<\/script>\n<!-- \/ Yoast SEO plugin. -->","yoast_head_json":{"title":"Ampliar las opciones para los jueces latinos de Nueva York - Por el Hon. H\u00e9ctor LaSalle - Colegio de Abogados de Puerto Rico de Nueva York","robots":{"index":"index","follow":"follow","max-snippet":"max-snippet:-1","max-image-preview":"max-image-preview:large","max-video-preview":"max-video-preview:-1"},"canonical":"https:\/\/prbany.com\/es\/announcement\/expand-options-for-n-y-latino-judges-by-hon-hector-lasalle\/","og_locale":"es_ES","og_type":"article","og_title":"Expand options for N.Y. Latino judges - By Hon. Hector LaSalle - Puerto Rican Bar Association of New York","og_description":"NY Daily News October 19, 2024 The legitimacy of government institutions is dependent upon a confluence of factors designed to assure the public\u2019s trust and confidence that government is representative of and working for all of its citizens.As Hispanic Heritage Month came to a close this week, this is an opportune moment to highlight both [&hellip;]","og_url":"https:\/\/prbany.com\/es\/announcement\/expand-options-for-n-y-latino-judges-by-hon-hector-lasalle\/","og_site_name":"Puerto Rican Bar Association of New York","article_publisher":"https:\/\/www.facebook.com\/puertoricanbarassoicationny\/","article_modified_time":"2024-10-23T14:15:05+00:00","twitter_card":"summary_large_image","twitter_site":"@prbany","twitter_misc":{"Est. reading time":"4 minutos"},"schema":{"@context":"https:\/\/schema.org","@graph":[{"@type":"WebPage","@id":"https:\/\/prbany.com\/announcement\/expand-options-for-n-y-latino-judges-by-hon-hector-lasalle\/","url":"https:\/\/prbany.com\/announcement\/expand-options-for-n-y-latino-judges-by-hon-hector-lasalle\/","name":"Ampliar las opciones para los jueces latinos de Nueva York - Por el Hon. H\u00e9ctor LaSalle - Colegio de Abogados de Puerto Rico de Nueva York","isPartOf":{"@id":"https:\/\/prbany.com\/#website"},"datePublished":"2024-10-23T14:15:02+00:00","dateModified":"2024-10-23T14:15:05+00:00","breadcrumb":{"@id":"https:\/\/prbany.com\/announcement\/expand-options-for-n-y-latino-judges-by-hon-hector-lasalle\/#breadcrumb"},"inLanguage":"es","potentialAction":[{"@type":"ReadAction","target":["https:\/\/prbany.com\/announcement\/expand-options-for-n-y-latino-judges-by-hon-hector-lasalle\/"]}]},{"@type":"BreadcrumbList","@id":"https:\/\/prbany.com\/announcement\/expand-options-for-n-y-latino-judges-by-hon-hector-lasalle\/#breadcrumb","itemListElement":[{"@type":"ListItem","position":1,"name":"Home","item":"https:\/\/prbany.com\/"},{"@type":"ListItem","position":2,"name":"Expand options for N.Y. Latino judges &#8211; By Hon. Hector LaSalle"}]},{"@type":"WebSite","@id":"https:\/\/prbany.com\/#website","url":"https:\/\/prbany.com\/","name":"Colegio de Abogados Puertorrique\u00f1os de Nueva York","description":"","publisher":{"@id":"https:\/\/prbany.com\/#organization"},"potentialAction":[{"@type":"SearchAction","target":{"@type":"EntryPoint","urlTemplate":"https:\/\/prbany.com\/?s={search_term_string}"},"query-input":{"@type":"PropertyValueSpecification","valueRequired":true,"valueName":"search_term_string"}}],"inLanguage":"es"},{"@type":"Organization","@id":"https:\/\/prbany.com\/#organization","name":"Colegio de Abogados Puertorrique\u00f1os de Nueva York","url":"https:\/\/prbany.com\/","logo":{"@type":"ImageObject","inLanguage":"es","@id":"https:\/\/prbany.com\/#\/schema\/logo\/image\/","url":"https:\/\/prbany.wpenginepowered.com\/wp-content\/uploads\/2023\/09\/PRBA-Logo1.png","contentUrl":"https:\/\/prbany.wpenginepowered.com\/wp-content\/uploads\/2023\/09\/PRBA-Logo1.png","width":563,"height":123,"caption":"Puerto Rican Bar Association of New York"},"image":{"@id":"https:\/\/prbany.com\/#\/schema\/logo\/image\/"},"sameAs":["https:\/\/www.facebook.com\/puertoricanbarassoicationny\/","https:\/\/x.com\/prbany","https:\/\/www.instagram.com\/prbany\/"]}]}},"_links":{"self":[{"href":"https:\/\/prbany.com\/es\/wp-json\/wp\/v2\/announcement\/7201","targetHints":{"allow":["GET"]}}],"collection":[{"href":"https:\/\/prbany.com\/es\/wp-json\/wp\/v2\/announcement"}],"about":[{"href":"https:\/\/prbany.com\/es\/wp-json\/wp\/v2\/types\/announcement"}],"wp:attachment":[{"href":"https:\/\/prbany.com\/es\/wp-json\/wp\/v2\/media?parent=7201"}],"curies":[{"name":"wp","href":"https:\/\/api.w.org\/{rel}","templated":true}]}}

<p>NY Daily News 19 de octubre de 2024</p>



<p><br>La legitimidad de las instituciones gubernamentales depende de una confluencia de factores destinados a garantizar la confianza del público en que el gobierno representa a todos sus ciudadanos y trabaja para ellos.<br>Como el Mes de la Herencia Hispana llegó a su fin esta semana, este es un momento oportuno para destacar tanto el impacto que los latinos han tenido en la administración de justicia como su continua subrepresentación en la judicatura del Estado de Nueva York. En mi opinión, es de singular importancia que la judicatura del estado no sólo se esfuerce por ser "inclusiva" de toda su población, sino que lidere esta importantísima cuestión.</p>



<p><br>Según el censo de Estados Unidos de 2020, el 19,5% de los neoyorquinos son de ascendencia latina. Entre 2010 y 2020, el 64,5% del aumento de la población del estado se atribuyó a personas identificadas como latinas. Sin embargo, la Asociación de Jueces Latinos del Estado de Nueva York informó que en octubre de 2020 los latinos constituían sólo el 7,45% de los 1.275 miembros del poder judicial del estado. En la actualidad, la Oficina de Administración de Tribunales informa de una ligera mejora en la representación judicial latina, ya que los latinos comprenden el 8,7% de la judicatura, un modesto aumento. Esta mejora, aunque pequeña, es un recordatorio de que el uso fiel de los datos que identifican los problemas de inclusión es un componente crucial para examinar y curar la exclusión sistémica de todas las instituciones, incluida la judicatura. En 2023, el presidente del Tribunal Supremo de Nueva York, Rowan Wilson, nombró al primer juez de ascendencia latina para dirigir los tribunales del estado como su juez administrativo jefe, Joseph Zayas. Este meditado nombramiento proporciona al sistema judicial un juez con amplia experiencia en los tribunales y ofrece a todos los neoyorquinos una prueba visible y tangible de que un juez de ascendencia latina puede dirigir con excelencia nuestros tribunales de primera instancia.</p>



<p><br>Además, la gobernadora Hochul ha demostrado su compromiso de proporcionar a los neoyorquinos un poder judicial excepcional e inclusivo. Desde 2022, la gobernadora ha nombrado a la primera latina para servir como juez en el Tribunal de Reclamaciones en el oeste de Nueva York, la primera jueza latina para servir en la División de Apelaciones, Tercer Departamento, y las primeras juezas de herencia dominicana para servir en la División de Apelaciones, tanto en el Primer como en el Segundo Departamento. Cada uno de estos juristas son profesionales ejemplares dignos de la fe y la confianza que el gobernador ha depositado en ellos.</p>



<p><br>Si bien la proporción de juristas latinos ha mejorado gradualmente en los últimos cuatro años, hay áreas que requieren un enfoque y atención adicionales. Por ejemplo, según la OCA, hay 105 puestos judiciales administrativos y de supervisión en todo el sistema judicial estatal. Sólo se ha nombrado a una jueza latina para ocupar cuatro de esos 105 puestos. En el oeste de Nueva York, nunca ha habido un juez de ascendencia latina elegido para el Tribunal Supremo del estado, que sirve como catalizador principal para las oportunidades de liderazgo en el sistema judicial de todo el estado. Esta desafortunada circunstancia se da a pesar de que las ciudades de Rochester y Buffalo cuentan con comunidades latinas robustas y maduras.</p>



<p><br>La infrarrepresentación de los latinos en la judicatura se hace más patente en Manhattan, donde sólo un latino ha sido nominado y elegido para el Tribunal Supremo estatal en la última década. Se trata de una circunstancia especialmente curiosa si se tiene en cuenta que las comunidades latinas más arraigadas de Nueva York se encuentran en Manhattan.<br>No se puede argumentar seriamente que Manhattan carece de una gran reserva de abogados latinos con talento listos, dispuestos y capaces de servir. Hay claramente una desconexión y una aparente falta de voluntad por parte de los líderes locales para mover la aguja en Manhattan para identificar y apoyar a abogados bien calificados de ascendencia latina para cargos electivos en su Tribunal Supremo estatal, una plaga en la reputación de larga data de Manhattan como un bastión de la inclusividad y la apertura.</p>



<p><br>A lo largo del Mes de la Herencia Hispana, los neoyorquinos han escuchado a innumerables líderes cívicos profesar su respeto y admiración por la comunidad latina. Para algunos, las palabras de apoyo a la inclusión han ido seguidas de acciones consecuentes. Para otros, las palabras han sido poco más que retórica aspiracional pronunciada como una línea de aplausos con poco interés en resultados sustantivos. Citando al Papa Francisco, "No hay inclusión si se queda en un eslogan, en una fórmula para utilizar en discursos políticamente correctos, en una bandera."</p>



<p><br>Aunque los latinos han ido abriéndose camino en el sistema judicial estatal, la marcha hacia una representación adecuada ha sido lenta, larga y dura. Este último mes, en el que se ha puesto de relieve la herencia hispana, nos ha recordado el camino que queda por recorrer y el poder de las personas de buena fe e intención para hacer el trabajo. Los mejores días para los neoyorquinos están ante nosotros. Esforcémonos todos juntos por conseguirlo.</p>



<p><br>LaSalle preside la División de Apelaciones del Estado, Segundo Departamento, con sede en Brooklyn.<br></p>



<p>Publicado originalmente: 19 de octubre de 2024 a las 5:00 a.m.</p>

Ampliar las opciones para los jueces latinos de Nueva York - Por el Hon. Héctor LaSalle - Colegio de Abogados de Puerto Rico de Nueva York

Colegio de Abogados Puertorriqueños de Nueva York
