{"id":7383,"date":"2025-01-30T09:03:52","date_gmt":"2025-01-30T14:03:52","guid":{"rendered":"https:\/\/prbany.com\/?post_type=announcement&#038;p=7383"},"modified":"2025-01-30T09:03:54","modified_gmt":"2025-01-30T14:03:54","slug":"prba-statement-on-ices-illegal-detention-of-puerto-ricans-raids-of-the-dominican-community","status":"publish","type":"announcement","link":"https:\/\/prbany.com\/es\/announcement\/prba-statement-on-ices-illegal-detention-of-puerto-ricans-raids-of-the-dominican-community\/","title":{"rendered":"Declaraci\u00f3n de la PRBA sobre la detenci\u00f3n ilegal de puertorrique\u00f1os por parte del ICE y las redadas en la comunidad dominicana"},"content":{"rendered":"<p>El Colegio de Abogados de Puerto Rico condena inequ\u00edvocamente al Servicio de Inmigraci\u00f3n y Control de Aduanas de los Estados Unidos (\"ICE\", por sus siglas en ingl\u00e9s) por la detenci\u00f3n ilegal ayer de una familia puertorrique\u00f1a en Milwaukee, as\u00ed como las redadas en comunidades dominicanas en San Juan.\u00a0<\/p>\n\n\n\n<p>La agenda del presidente Trump para supuestamente \"limpiar\" nuestra naci\u00f3n de las mismas personas que han luchado por nuestras libertades, construido nuestra infraestructura y apoyado nuestra econom\u00eda no solo ha devastado a familias dominicanas trabajadoras, sino que ha barrido ilegalmente a ciudadanos estadounidenses -porque todos los puertorrique\u00f1os son ciudadanos estadounidenses- a su paso.<\/p>\n\n\n\n<p>Dados los comentarios ofensivos y divisivos realizados sobre la comunidad latina, incluida la referencia a Puerto Rico como una \"isla de basura\", no tenemos motivos para creer que estas injusticias vayan a cesar.<\/p>\n\n\n\n<p>Por lo tanto, la PRBA hace un llamamiento a nuestros representantes electos en el Congreso y en las legislaturas estatales de todo el pa\u00eds para que tomen medidas inmediatas -ya sea mediante legislaci\u00f3n o acciones legales- para detener estas violaciones de nuestros derechos y proteger los principios democr\u00e1ticos en los que se basa esta naci\u00f3n.<\/p>","protected":false},"featured_media":0,"template":"","class_list":["post-7383","announcement","type-announcement","status-publish","hentry"],"yoast_head":"<!-- This site is optimized with the Yoast SEO plugin v27.4 - https:\/\/yoast.com\/product\/yoast-seo-wordpress\/ -->\n<title>PRBA Statement on ICE&#039;s Illegal Detention of Puerto Ricans &amp; Raids of the Dominican Community - Puerto Rican Bar Association of New York<\/title>\n<meta name=\"robots\" content=\"index, follow, max-snippet:-1, max-image-preview:large, max-video-preview:-1\" \/>\n<link rel=\"canonical\" href=\"https:\/\/prbany.com\/es\/announcement\/prba-statement-on-ices-illegal-detention-of-puerto-ricans-raids-of-the-dominican-community\/\" \/>\n<meta property=\"og:locale\" content=\"es_ES\" \/>\n<meta property=\"og:type\" content=\"article\" \/>\n<meta property=\"og:title\" content=\"PRBA Statement on ICE&#039;s Illegal Detention of Puerto Ricans &amp; Raids of the Dominican Community - Puerto Rican Bar Association of New York\" \/>\n<meta property=\"og:description\" content=\"The Puerto Rican Bar Association unequivocally condemns U.S. Immigration &amp; Customs Enforcement (&#8220;ICE&#8221;) for yesterday\u2019s illegal detention of a Puerto Rican family in Milwaukee as well as the raids of Dominican communities in San Juan.\u00a0 President Trump\u2019s agenda to supposedly \u201ccleanse\u201d our nation of the very people who have fought for our freedoms, built our [&hellip;]\" \/>\n<meta property=\"og:url\" content=\"https:\/\/prbany.com\/es\/announcement\/prba-statement-on-ices-illegal-detention-of-puerto-ricans-raids-of-the-dominican-community\/\" \/>\n<meta property=\"og:site_name\" content=\"Puerto Rican Bar Association of New York\" \/>\n<meta property=\"article:publisher\" content=\"https:\/\/www.facebook.com\/puertoricanbarassoicationny\/\" \/>\n<meta property=\"article:modified_time\" content=\"2025-01-30T14:03:54+00:00\" \/>\n<meta name=\"twitter:card\" content=\"summary_large_image\" \/>\n<meta name=\"twitter:site\" content=\"@prbany\" \/>\n<meta name=\"twitter:label1\" content=\"Est. reading time\" \/>\n\t<meta name=\"twitter:data1\" content=\"1 minuto\" \/>\n<script type=\"application\/ld+json\" class=\"yoast-schema-graph\">{\"@context\":\"https:\\\/\\\/schema.org\",\"@graph\":[{\"@type\":\"WebPage\",\"@id\":\"https:\\\/\\\/prbany.com\\\/announcement\\\/prba-statement-on-ices-illegal-detention-of-puerto-ricans-raids-of-the-dominican-community\\\/\",\"url\":\"https:\\\/\\\/prbany.com\\\/announcement\\\/prba-statement-on-ices-illegal-detention-of-puerto-ricans-raids-of-the-dominican-community\\\/\",\"name\":\"PRBA Statement on ICE's Illegal Detention of Puerto Ricans &amp; Raids of the Dominican Community - Puerto Rican Bar Association of New York\",\"isPartOf\":{\"@id\":\"https:\\\/\\\/prbany.com\\\/#website\"},\"datePublished\":\"2025-01-30T14:03:52+00:00\",\"dateModified\":\"2025-01-30T14:03:54+00:00\",\"breadcrumb\":{\"@id\":\"https:\\\/\\\/prbany.com\\\/announcement\\\/prba-statement-on-ices-illegal-detention-of-puerto-ricans-raids-of-the-dominican-community\\\/#breadcrumb\"},\"inLanguage\":\"es\",\"potentialAction\":[{\"@type\":\"ReadAction\",\"target\":[\"https:\\\/\\\/prbany.com\\\/announcement\\\/prba-statement-on-ices-illegal-detention-of-puerto-ricans-raids-of-the-dominican-community\\\/\"]}]},{\"@type\":\"BreadcrumbList\",\"@id\":\"https:\\\/\\\/prbany.com\\\/announcement\\\/prba-statement-on-ices-illegal-detention-of-puerto-ricans-raids-of-the-dominican-community\\\/#breadcrumb\",\"itemListElement\":[{\"@type\":\"ListItem\",\"position\":1,\"name\":\"Home\",\"item\":\"https:\\\/\\\/prbany.com\\\/\"},{\"@type\":\"ListItem\",\"position\":2,\"name\":\"PRBA Statement on ICE&#8217;s Illegal Detention of Puerto Ricans &amp; Raids of the Dominican Community\"}]},{\"@type\":\"WebSite\",\"@id\":\"https:\\\/\\\/prbany.com\\\/#website\",\"url\":\"https:\\\/\\\/prbany.com\\\/\",\"name\":\"Puerto Rican Bar Association of New York\",\"description\":\"\",\"publisher\":{\"@id\":\"https:\\\/\\\/prbany.com\\\/#organization\"},\"potentialAction\":[{\"@type\":\"SearchAction\",\"target\":{\"@type\":\"EntryPoint\",\"urlTemplate\":\"https:\\\/\\\/prbany.com\\\/?s={search_term_string}\"},\"query-input\":{\"@type\":\"PropertyValueSpecification\",\"valueRequired\":true,\"valueName\":\"search_term_string\"}}],\"inLanguage\":\"es\"},{\"@type\":\"Organization\",\"@id\":\"https:\\\/\\\/prbany.com\\\/#organization\",\"name\":\"Puerto Rican Bar Association of New York\",\"url\":\"https:\\\/\\\/prbany.com\\\/\",\"logo\":{\"@type\":\"ImageObject\",\"inLanguage\":\"es\",\"@id\":\"https:\\\/\\\/prbany.com\\\/#\\\/schema\\\/logo\\\/image\\\/\",\"url\":\"https:\\\/\\\/prbany.wpenginepowered.com\\\/wp-content\\\/uploads\\\/2023\\\/09\\\/PRBA-Logo1.png\",\"contentUrl\":\"https:\\\/\\\/prbany.wpenginepowered.com\\\/wp-content\\\/uploads\\\/2023\\\/09\\\/PRBA-Logo1.png\",\"width\":563,\"height\":123,\"caption\":\"Puerto Rican Bar Association of New York\"},\"image\":{\"@id\":\"https:\\\/\\\/prbany.com\\\/#\\\/schema\\\/logo\\\/image\\\/\"},\"sameAs\":[\"https:\\\/\\\/www.facebook.com\\\/puertoricanbarassoicationny\\\/\",\"https:\\\/\\\/x.com\\\/prbany\",\"https:\\\/\\\/www.instagram.com\\\/prbany\\\/\"]}]}<\/script>\n<!-- \/ Yoast SEO plugin. -->","yoast_head_json":{"title":"Declaraci\u00f3n del PRBA sobre la detenci\u00f3n ilegal de puertorrique\u00f1os y las redadas del ICE en la comunidad dominicana - Puerto Rican Bar Association of New York","robots":{"index":"index","follow":"follow","max-snippet":"max-snippet:-1","max-image-preview":"max-image-preview:large","max-video-preview":"max-video-preview:-1"},"canonical":"https:\/\/prbany.com\/es\/announcement\/prba-statement-on-ices-illegal-detention-of-puerto-ricans-raids-of-the-dominican-community\/","og_locale":"es_ES","og_type":"article","og_title":"PRBA Statement on ICE's Illegal Detention of Puerto Ricans &amp; Raids of the Dominican Community - Puerto Rican Bar Association of New York","og_description":"The Puerto Rican Bar Association unequivocally condemns U.S. Immigration &amp; Customs Enforcement (&#8220;ICE&#8221;) for yesterday\u2019s illegal detention of a Puerto Rican family in Milwaukee as well as the raids of Dominican communities in San Juan.\u00a0 President Trump\u2019s agenda to supposedly \u201ccleanse\u201d our nation of the very people who have fought for our freedoms, built our [&hellip;]","og_url":"https:\/\/prbany.com\/es\/announcement\/prba-statement-on-ices-illegal-detention-of-puerto-ricans-raids-of-the-dominican-community\/","og_site_name":"Puerto Rican Bar Association of New York","article_publisher":"https:\/\/www.facebook.com\/puertoricanbarassoicationny\/","article_modified_time":"2025-01-30T14:03:54+00:00","twitter_card":"summary_large_image","twitter_site":"@prbany","twitter_misc":{"Est. reading time":"1 minuto"},"schema":{"@context":"https:\/\/schema.org","@graph":[{"@type":"WebPage","@id":"https:\/\/prbany.com\/announcement\/prba-statement-on-ices-illegal-detention-of-puerto-ricans-raids-of-the-dominican-community\/","url":"https:\/\/prbany.com\/announcement\/prba-statement-on-ices-illegal-detention-of-puerto-ricans-raids-of-the-dominican-community\/","name":"Declaraci\u00f3n del PRBA sobre la detenci\u00f3n ilegal de puertorrique\u00f1os y las redadas del ICE en la comunidad dominicana - Puerto Rican Bar Association of New York","isPartOf":{"@id":"https:\/\/prbany.com\/#website"},"datePublished":"2025-01-30T14:03:52+00:00","dateModified":"2025-01-30T14:03:54+00:00","breadcrumb":{"@id":"https:\/\/prbany.com\/announcement\/prba-statement-on-ices-illegal-detention-of-puerto-ricans-raids-of-the-dominican-community\/#breadcrumb"},"inLanguage":"es","potentialAction":[{"@type":"ReadAction","target":["https:\/\/prbany.com\/announcement\/prba-statement-on-ices-illegal-detention-of-puerto-ricans-raids-of-the-dominican-community\/"]}]},{"@type":"BreadcrumbList","@id":"https:\/\/prbany.com\/announcement\/prba-statement-on-ices-illegal-detention-of-puerto-ricans-raids-of-the-dominican-community\/#breadcrumb","itemListElement":[{"@type":"ListItem","position":1,"name":"Home","item":"https:\/\/prbany.com\/"},{"@type":"ListItem","position":2,"name":"PRBA Statement on ICE&#8217;s Illegal Detention of Puerto Ricans &amp; Raids of the Dominican Community"}]},{"@type":"WebSite","@id":"https:\/\/prbany.com\/#website","url":"https:\/\/prbany.com\/","name":"Colegio de Abogados Puertorrique\u00f1os de Nueva York","description":"","publisher":{"@id":"https:\/\/prbany.com\/#organization"},"potentialAction":[{"@type":"SearchAction","target":{"@type":"EntryPoint","urlTemplate":"https:\/\/prbany.com\/?s={search_term_string}"},"query-input":{"@type":"PropertyValueSpecification","valueRequired":true,"valueName":"search_term_string"}}],"inLanguage":"es"},{"@type":"Organization","@id":"https:\/\/prbany.com\/#organization","name":"Colegio de Abogados Puertorrique\u00f1os de Nueva York","url":"https:\/\/prbany.com\/","logo":{"@type":"ImageObject","inLanguage":"es","@id":"https:\/\/prbany.com\/#\/schema\/logo\/image\/","url":"https:\/\/prbany.wpenginepowered.com\/wp-content\/uploads\/2023\/09\/PRBA-Logo1.png","contentUrl":"https:\/\/prbany.wpenginepowered.com\/wp-content\/uploads\/2023\/09\/PRBA-Logo1.png","width":563,"height":123,"caption":"Puerto Rican Bar Association of New York"},"image":{"@id":"https:\/\/prbany.com\/#\/schema\/logo\/image\/"},"sameAs":["https:\/\/www.facebook.com\/puertoricanbarassoicationny\/","https:\/\/x.com\/prbany","https:\/\/www.instagram.com\/prbany\/"]}]}},"_links":{"self":[{"href":"https:\/\/prbany.com\/es\/wp-json\/wp\/v2\/announcement\/7383","targetHints":{"allow":["GET"]}}],"collection":[{"href":"https:\/\/prbany.com\/es\/wp-json\/wp\/v2\/announcement"}],"about":[{"href":"https:\/\/prbany.com\/es\/wp-json\/wp\/v2\/types\/announcement"}],"wp:attachment":[{"href":"https:\/\/prbany.com\/es\/wp-json\/wp\/v2\/media?parent=7383"}],"curies":[{"name":"wp","href":"https:\/\/api.w.org\/{rel}","templated":true}]}}

Declaración de la PRBA sobre la detención ilegal de puertorriqueños por parte del ICE y las redadas en la comunidad dominicana

<p>El Colegio de Abogados de Puerto Rico condena inequívocamente al Servicio de Inmigración y Control de Aduanas de los Estados Unidos ("ICE", por sus siglas en inglés) por la detención ilegal ayer de una familia puertorriqueña en Milwaukee, así como las redadas en comunidades dominicanas en San Juan. </p>



<p>La agenda del presidente Trump para supuestamente "limpiar" nuestra nación de las mismas personas que han luchado por nuestras libertades, construido nuestra infraestructura y apoyado nuestra economía no solo ha devastado a familias dominicanas trabajadoras, sino que ha barrido ilegalmente a ciudadanos estadounidenses -porque todos los puertorriqueños son ciudadanos estadounidenses- a su paso.</p>



<p>Dados los comentarios ofensivos y divisivos realizados sobre la comunidad latina, incluida la referencia a Puerto Rico como una "isla de basura", no tenemos motivos para creer que estas injusticias vayan a cesar.</p>



<p>Por lo tanto, la PRBA hace un llamamiento a nuestros representantes electos en el Congreso y en las legislaturas estatales de todo el país para que tomen medidas inmediatas -ya sea mediante legislación o acciones legales- para detener estas violaciones de nuestros derechos y proteger los principios democráticos en los que se basa esta nación.</p>

Declaración del PRBA sobre la detención ilegal de puertorriqueños y las redadas del ICE en la comunidad dominicana - Puerto Rican Bar Association of New York

Colegio de Abogados Puertorriqueños de Nueva York
