{"id":7551,"date":"2025-04-15T08:58:59","date_gmt":"2025-04-15T12:58:59","guid":{"rendered":"https:\/\/prbany.com\/?post_type=announcement&#038;p=7551"},"modified":"2025-04-15T09:00:13","modified_gmt":"2025-04-15T13:00:13","slug":"congratulations-to-professor-suzette-melendez-2025-law-honors-recipient-syracuse-university-college-of-law","status":"publish","type":"announcement","link":"https:\/\/prbany.com\/es\/announcement\/congratulations-to-professor-suzette-melendez-2025-law-honors-recipient-syracuse-university-college-of-law\/","title":{"rendered":"Felicitaciones a la Profesora Suzette Melendez - 2025 Law Honors Recipient - Syracuse University College of Law"},"content":{"rendered":"<figure class=\"wp-block-image size-full is-resized\"><img loading=\"lazy\" decoding=\"async\" width=\"160\" height=\"160\" src=\"https:\/\/prbany.com\/wp-content\/uploads\/2025\/04\/Suzette-Melendez-Headshot.jpg\" alt=\"\" class=\"wp-image-7547\" style=\"width:193px;height:auto\" srcset=\"https:\/\/prbany.com\/wp-content\/uploads\/2025\/04\/Suzette-Melendez-Headshot.jpg 160w, https:\/\/prbany.com\/wp-content\/uploads\/2025\/04\/Suzette-Melendez-Headshot-150x150.jpg 150w, https:\/\/prbany.com\/wp-content\/uploads\/2025\/04\/Suzette-Melendez-Headshot-12x12.jpg 12w\" sizes=\"(max-width: 160px) 100vw, 160px\" \/><\/figure>\n\n\n\n<p class=\"has-medium-font-size\">La Facultad de Derecho de la Universidad de Siracusa ha anunciado los galardonados con los Premios de Derecho 2025, un distinguido grupo de personas reconocidas por sus excepcionales logros y servicios.<\/p>\n\n\n\n<p class=\"has-medium-font-size\">Presentado por la Facultad de Derecho de la Universidad de Syracuse, el Premio de Derecho rinde homenaje a los miembros de la comunidad jur\u00eddica de Syracuse (antiguos alumnos, profesores, personal, estudiantes y amigos) que han tenido un impacto significativo en la Facultad, la profesi\u00f3n jur\u00eddica, la Universidad de Syracuse o su comunidad en general. Los galardonados de este a\u00f1o han sido seleccionados por un comit\u00e9 de antiguos alumnos, lo que garantiza que estos premios reflejen los m\u00e1s altos est\u00e1ndares de excelencia.<\/p>\n\n\n\n<p class=\"has-medium-font-size\">Nuestra Directora, la Profesora Suzette Mel\u00e9ndez, es una de las galardonadas de este a\u00f1o.<\/p>\n\n\n\n<p class=\"has-medium-font-size\">Nos complace anunciar que nuestra directora, la profesora Suzette Mel\u00e9ndez, es una de las galardonadas este a\u00f1o con el premio Law Honors Award.<\/p>\n\n\n\n<p class=\"has-medium-font-size\">La profesora Suzette Mel\u00e9ndez ha sido galardonada con el Law Honors Award por su inquebrantable dedicaci\u00f3n a ampliar las oportunidades en la profesi\u00f3n jur\u00eddica y garantizar que todos los miembros de la comunidad cuenten con el apoyo necesario para triunfar.<\/p>\n\n\n\n<p class=\"has-medium-font-size\"><\/p>","protected":false},"featured_media":0,"template":"","class_list":["post-7551","announcement","type-announcement","status-publish","hentry"],"yoast_head":"<!-- This site is optimized with the Yoast SEO plugin v27.4 - https:\/\/yoast.com\/product\/yoast-seo-wordpress\/ -->\n<title>Congratulations to Professor Suzette Melendez - 2025 Law Honors Recipient - Syracuse University College of Law - Puerto Rican Bar Association of New York<\/title>\n<meta name=\"robots\" content=\"index, follow, max-snippet:-1, max-image-preview:large, max-video-preview:-1\" \/>\n<link rel=\"canonical\" href=\"https:\/\/prbany.com\/es\/announcement\/congratulations-to-professor-suzette-melendez-2025-law-honors-recipient-syracuse-university-college-of-law\/\" \/>\n<meta property=\"og:locale\" content=\"es_ES\" \/>\n<meta property=\"og:type\" content=\"article\" \/>\n<meta property=\"og:title\" content=\"Congratulations to Professor Suzette Melendez - 2025 Law Honors Recipient - Syracuse University College of Law - Puerto Rican Bar Association of New York\" \/>\n<meta property=\"og:description\" content=\"Syracuse University College of Law has announced the 2025 Law Honors recipients, a distinguished group of individuals recognized for their exceptional achievements and service. Presented by the Syracuse University College of Law, the Law Honors celebrate members of the Syracuse Law community\u2014alumni, faculty, staff, students, and friends\u2014who have made a meaningful impact on the College, [&hellip;]\" \/>\n<meta property=\"og:url\" content=\"https:\/\/prbany.com\/es\/announcement\/congratulations-to-professor-suzette-melendez-2025-law-honors-recipient-syracuse-university-college-of-law\/\" \/>\n<meta property=\"og:site_name\" content=\"Puerto Rican Bar Association of New York\" \/>\n<meta property=\"article:publisher\" content=\"https:\/\/www.facebook.com\/puertoricanbarassoicationny\/\" \/>\n<meta property=\"article:modified_time\" content=\"2025-04-15T13:00:13+00:00\" \/>\n<meta property=\"og:image\" content=\"https:\/\/prbany.com\/wp-content\/uploads\/2025\/04\/Suzette-Melendez-Headshot.jpg\" \/>\n\t<meta property=\"og:image:width\" content=\"160\" \/>\n\t<meta property=\"og:image:height\" content=\"160\" \/>\n\t<meta property=\"og:image:type\" content=\"image\/jpeg\" \/>\n<meta name=\"twitter:card\" content=\"summary_large_image\" \/>\n<meta name=\"twitter:site\" content=\"@prbany\" \/>\n<meta name=\"twitter:label1\" content=\"Est. reading time\" \/>\n\t<meta name=\"twitter:data1\" content=\"1 minuto\" \/>\n<script type=\"application\/ld+json\" class=\"yoast-schema-graph\">{\"@context\":\"https:\\\/\\\/schema.org\",\"@graph\":[{\"@type\":\"WebPage\",\"@id\":\"https:\\\/\\\/prbany.com\\\/announcement\\\/congratulations-to-professor-suzette-melendez-2025-law-honors-recipient-syracuse-university-college-of-law\\\/\",\"url\":\"https:\\\/\\\/prbany.com\\\/announcement\\\/congratulations-to-professor-suzette-melendez-2025-law-honors-recipient-syracuse-university-college-of-law\\\/\",\"name\":\"Congratulations to Professor Suzette Melendez - 2025 Law Honors Recipient - Syracuse University College of Law - Puerto Rican Bar Association of New York\",\"isPartOf\":{\"@id\":\"https:\\\/\\\/prbany.com\\\/#website\"},\"primaryImageOfPage\":{\"@id\":\"https:\\\/\\\/prbany.com\\\/announcement\\\/congratulations-to-professor-suzette-melendez-2025-law-honors-recipient-syracuse-university-college-of-law\\\/#primaryimage\"},\"image\":{\"@id\":\"https:\\\/\\\/prbany.com\\\/announcement\\\/congratulations-to-professor-suzette-melendez-2025-law-honors-recipient-syracuse-university-college-of-law\\\/#primaryimage\"},\"thumbnailUrl\":\"https:\\\/\\\/prbany.com\\\/wp-content\\\/uploads\\\/2025\\\/04\\\/Suzette-Melendez-Headshot.jpg\",\"datePublished\":\"2025-04-15T12:58:59+00:00\",\"dateModified\":\"2025-04-15T13:00:13+00:00\",\"breadcrumb\":{\"@id\":\"https:\\\/\\\/prbany.com\\\/announcement\\\/congratulations-to-professor-suzette-melendez-2025-law-honors-recipient-syracuse-university-college-of-law\\\/#breadcrumb\"},\"inLanguage\":\"es\",\"potentialAction\":[{\"@type\":\"ReadAction\",\"target\":[\"https:\\\/\\\/prbany.com\\\/announcement\\\/congratulations-to-professor-suzette-melendez-2025-law-honors-recipient-syracuse-university-college-of-law\\\/\"]}]},{\"@type\":\"ImageObject\",\"inLanguage\":\"es\",\"@id\":\"https:\\\/\\\/prbany.com\\\/announcement\\\/congratulations-to-professor-suzette-melendez-2025-law-honors-recipient-syracuse-university-college-of-law\\\/#primaryimage\",\"url\":\"https:\\\/\\\/prbany.com\\\/wp-content\\\/uploads\\\/2025\\\/04\\\/Suzette-Melendez-Headshot.jpg\",\"contentUrl\":\"https:\\\/\\\/prbany.com\\\/wp-content\\\/uploads\\\/2025\\\/04\\\/Suzette-Melendez-Headshot.jpg\"},{\"@type\":\"BreadcrumbList\",\"@id\":\"https:\\\/\\\/prbany.com\\\/announcement\\\/congratulations-to-professor-suzette-melendez-2025-law-honors-recipient-syracuse-university-college-of-law\\\/#breadcrumb\",\"itemListElement\":[{\"@type\":\"ListItem\",\"position\":1,\"name\":\"Home\",\"item\":\"https:\\\/\\\/prbany.com\\\/\"},{\"@type\":\"ListItem\",\"position\":2,\"name\":\"Congratulations to Professor Suzette Melendez &#8211; 2025 Law Honors Recipient &#8211; Syracuse University College of Law\"}]},{\"@type\":\"WebSite\",\"@id\":\"https:\\\/\\\/prbany.com\\\/#website\",\"url\":\"https:\\\/\\\/prbany.com\\\/\",\"name\":\"Puerto Rican Bar Association of New York\",\"description\":\"\",\"publisher\":{\"@id\":\"https:\\\/\\\/prbany.com\\\/#organization\"},\"potentialAction\":[{\"@type\":\"SearchAction\",\"target\":{\"@type\":\"EntryPoint\",\"urlTemplate\":\"https:\\\/\\\/prbany.com\\\/?s={search_term_string}\"},\"query-input\":{\"@type\":\"PropertyValueSpecification\",\"valueRequired\":true,\"valueName\":\"search_term_string\"}}],\"inLanguage\":\"es\"},{\"@type\":\"Organization\",\"@id\":\"https:\\\/\\\/prbany.com\\\/#organization\",\"name\":\"Puerto Rican Bar Association of New York\",\"url\":\"https:\\\/\\\/prbany.com\\\/\",\"logo\":{\"@type\":\"ImageObject\",\"inLanguage\":\"es\",\"@id\":\"https:\\\/\\\/prbany.com\\\/#\\\/schema\\\/logo\\\/image\\\/\",\"url\":\"https:\\\/\\\/prbany.wpenginepowered.com\\\/wp-content\\\/uploads\\\/2023\\\/09\\\/PRBA-Logo1.png\",\"contentUrl\":\"https:\\\/\\\/prbany.wpenginepowered.com\\\/wp-content\\\/uploads\\\/2023\\\/09\\\/PRBA-Logo1.png\",\"width\":563,\"height\":123,\"caption\":\"Puerto Rican Bar Association of New York\"},\"image\":{\"@id\":\"https:\\\/\\\/prbany.com\\\/#\\\/schema\\\/logo\\\/image\\\/\"},\"sameAs\":[\"https:\\\/\\\/www.facebook.com\\\/puertoricanbarassoicationny\\\/\",\"https:\\\/\\\/x.com\\\/prbany\",\"https:\\\/\\\/www.instagram.com\\\/prbany\\\/\"]}]}<\/script>\n<!-- \/ Yoast SEO plugin. -->","yoast_head_json":{"title":"Felicitaciones a la Profesora Suzette Melendez - 2025 Law Honors Recipient - Syracuse University College of Law - Puerto Rican Bar Association of New York","robots":{"index":"index","follow":"follow","max-snippet":"max-snippet:-1","max-image-preview":"max-image-preview:large","max-video-preview":"max-video-preview:-1"},"canonical":"https:\/\/prbany.com\/es\/announcement\/congratulations-to-professor-suzette-melendez-2025-law-honors-recipient-syracuse-university-college-of-law\/","og_locale":"es_ES","og_type":"article","og_title":"Congratulations to Professor Suzette Melendez - 2025 Law Honors Recipient - Syracuse University College of Law - Puerto Rican Bar Association of New York","og_description":"Syracuse University College of Law has announced the 2025 Law Honors recipients, a distinguished group of individuals recognized for their exceptional achievements and service. Presented by the Syracuse University College of Law, the Law Honors celebrate members of the Syracuse Law community\u2014alumni, faculty, staff, students, and friends\u2014who have made a meaningful impact on the College, [&hellip;]","og_url":"https:\/\/prbany.com\/es\/announcement\/congratulations-to-professor-suzette-melendez-2025-law-honors-recipient-syracuse-university-college-of-law\/","og_site_name":"Puerto Rican Bar Association of New York","article_publisher":"https:\/\/www.facebook.com\/puertoricanbarassoicationny\/","article_modified_time":"2025-04-15T13:00:13+00:00","og_image":[{"width":160,"height":160,"url":"https:\/\/prbany.com\/wp-content\/uploads\/2025\/04\/Suzette-Melendez-Headshot.jpg","type":"image\/jpeg"}],"twitter_card":"summary_large_image","twitter_site":"@prbany","twitter_misc":{"Est. reading time":"1 minuto"},"schema":{"@context":"https:\/\/schema.org","@graph":[{"@type":"WebPage","@id":"https:\/\/prbany.com\/announcement\/congratulations-to-professor-suzette-melendez-2025-law-honors-recipient-syracuse-university-college-of-law\/","url":"https:\/\/prbany.com\/announcement\/congratulations-to-professor-suzette-melendez-2025-law-honors-recipient-syracuse-university-college-of-law\/","name":"Felicitaciones a la Profesora Suzette Melendez - 2025 Law Honors Recipient - Syracuse University College of Law - Puerto Rican Bar Association of New York","isPartOf":{"@id":"https:\/\/prbany.com\/#website"},"primaryImageOfPage":{"@id":"https:\/\/prbany.com\/announcement\/congratulations-to-professor-suzette-melendez-2025-law-honors-recipient-syracuse-university-college-of-law\/#primaryimage"},"image":{"@id":"https:\/\/prbany.com\/announcement\/congratulations-to-professor-suzette-melendez-2025-law-honors-recipient-syracuse-university-college-of-law\/#primaryimage"},"thumbnailUrl":"https:\/\/prbany.com\/wp-content\/uploads\/2025\/04\/Suzette-Melendez-Headshot.jpg","datePublished":"2025-04-15T12:58:59+00:00","dateModified":"2025-04-15T13:00:13+00:00","breadcrumb":{"@id":"https:\/\/prbany.com\/announcement\/congratulations-to-professor-suzette-melendez-2025-law-honors-recipient-syracuse-university-college-of-law\/#breadcrumb"},"inLanguage":"es","potentialAction":[{"@type":"ReadAction","target":["https:\/\/prbany.com\/announcement\/congratulations-to-professor-suzette-melendez-2025-law-honors-recipient-syracuse-university-college-of-law\/"]}]},{"@type":"ImageObject","inLanguage":"es","@id":"https:\/\/prbany.com\/announcement\/congratulations-to-professor-suzette-melendez-2025-law-honors-recipient-syracuse-university-college-of-law\/#primaryimage","url":"https:\/\/prbany.com\/wp-content\/uploads\/2025\/04\/Suzette-Melendez-Headshot.jpg","contentUrl":"https:\/\/prbany.com\/wp-content\/uploads\/2025\/04\/Suzette-Melendez-Headshot.jpg"},{"@type":"BreadcrumbList","@id":"https:\/\/prbany.com\/announcement\/congratulations-to-professor-suzette-melendez-2025-law-honors-recipient-syracuse-university-college-of-law\/#breadcrumb","itemListElement":[{"@type":"ListItem","position":1,"name":"Home","item":"https:\/\/prbany.com\/"},{"@type":"ListItem","position":2,"name":"Congratulations to Professor Suzette Melendez &#8211; 2025 Law Honors Recipient &#8211; Syracuse University College of Law"}]},{"@type":"WebSite","@id":"https:\/\/prbany.com\/#website","url":"https:\/\/prbany.com\/","name":"Colegio de Abogados Puertorrique\u00f1os de Nueva York","description":"","publisher":{"@id":"https:\/\/prbany.com\/#organization"},"potentialAction":[{"@type":"SearchAction","target":{"@type":"EntryPoint","urlTemplate":"https:\/\/prbany.com\/?s={search_term_string}"},"query-input":{"@type":"PropertyValueSpecification","valueRequired":true,"valueName":"search_term_string"}}],"inLanguage":"es"},{"@type":"Organization","@id":"https:\/\/prbany.com\/#organization","name":"Colegio de Abogados Puertorrique\u00f1os de Nueva York","url":"https:\/\/prbany.com\/","logo":{"@type":"ImageObject","inLanguage":"es","@id":"https:\/\/prbany.com\/#\/schema\/logo\/image\/","url":"https:\/\/prbany.wpenginepowered.com\/wp-content\/uploads\/2023\/09\/PRBA-Logo1.png","contentUrl":"https:\/\/prbany.wpenginepowered.com\/wp-content\/uploads\/2023\/09\/PRBA-Logo1.png","width":563,"height":123,"caption":"Puerto Rican Bar Association of New York"},"image":{"@id":"https:\/\/prbany.com\/#\/schema\/logo\/image\/"},"sameAs":["https:\/\/www.facebook.com\/puertoricanbarassoicationny\/","https:\/\/x.com\/prbany","https:\/\/www.instagram.com\/prbany\/"]}]}},"_links":{"self":[{"href":"https:\/\/prbany.com\/es\/wp-json\/wp\/v2\/announcement\/7551","targetHints":{"allow":["GET"]}}],"collection":[{"href":"https:\/\/prbany.com\/es\/wp-json\/wp\/v2\/announcement"}],"about":[{"href":"https:\/\/prbany.com\/es\/wp-json\/wp\/v2\/types\/announcement"}],"wp:attachment":[{"href":"https:\/\/prbany.com\/es\/wp-json\/wp\/v2\/media?parent=7551"}],"curies":[{"name":"wp","href":"https:\/\/api.w.org\/{rel}","templated":true}]}}

<figure class="wp-block-image size-full is-resized"><img loading="lazy" decoding="async" width="160" height="160" src="https://prbany.com/wp-content/uploads/2025/04/Suzette-Melendez-Headshot.jpg" alt="" class="wp-image-7547" style="width:193px;height:auto" srcset="https://prbany.com/wp-content/uploads/2025/04/Suzette-Melendez-Headshot.jpg 160w, https://prbany.com/wp-content/uploads/2025/04/Suzette-Melendez-Headshot-150x150.jpg 150w, https://prbany.com/wp-content/uploads/2025/04/Suzette-Melendez-Headshot-12x12.jpg 12w" sizes="(max-width: 160px) 100vw, 160px" /></figure>



<p class="has-medium-font-size">La Facultad de Derecho de la Universidad de Siracusa ha anunciado los galardonados con los Premios de Derecho 2025, un distinguido grupo de personas reconocidas por sus excepcionales logros y servicios.</p>



<p class="has-medium-font-size">Presentado por la Facultad de Derecho de la Universidad de Syracuse, el Premio de Derecho rinde homenaje a los miembros de la comunidad jurídica de Syracuse (antiguos alumnos, profesores, personal, estudiantes y amigos) que han tenido un impacto significativo en la Facultad, la profesión jurídica, la Universidad de Syracuse o su comunidad en general. Los galardonados de este año han sido seleccionados por un comité de antiguos alumnos, lo que garantiza que estos premios reflejen los más altos estándares de excelencia.</p>



<p class="has-medium-font-size">Nuestra Directora, la Profesora Suzette Meléndez, es una de las galardonadas de este año.</p>



<p class="has-medium-font-size">Nos complace anunciar que nuestra directora, la profesora Suzette Meléndez, es una de las galardonadas este año con el premio Law Honors Award.</p>



<p class="has-medium-font-size">La profesora Suzette Meléndez ha sido galardonada con el Law Honors Award por su inquebrantable dedicación a ampliar las oportunidades en la profesión jurídica y garantizar que todos los miembros de la comunidad cuenten con el apoyo necesario para triunfar.</p>



<p class="has-medium-font-size"></p>

Colegio de Abogados Puertorriqueños de Nueva York
